at are the prime factors of s(z)?
2, 3, 17
Suppose -3*d = -804 + 93. What are the prime factors of d?
3, 79
Let r = 15 + -15. Suppose -4*v + 8 = r, v + 2*v - 234 = -2*i. Suppose 0 = w + 2*w - i. What are the prime factors of w?
2, 19
Suppose 2*n + 4228 = 4*z - 3304, -3*z + 5646 = -3*n. List the prime factors of z.
2, 3, 157
What are the prime factors of (939/(-1))/(150/(-200))?
2, 313
List the prime factors of ((-1272)/(-72))/(4/1236).
53, 103
Let y be (-30)/(-15) + (-178)/2. Let k = -33 - y. What are the prime factors of k?
2, 3
Let z(f) = -10*f - 10. Let a be z(-4). List the prime factors of 287/5 - 12/a.
3, 19
Suppose 0*b - 4*b - 4 = 0. Let o be (-1 + b)/(-2)*15. Suppose 3*m + 5 = 4*d, -3*m + 2*m + 4*d - o = 0. List the prime factors of m.
5
Let w(f) = -7*f + 10. Suppose -g = -4*r + 21, -g - 3*r = r - 11. What are the prime factors of w(g)?
3, 5
Let h be (24/(-20))/((-1)/(-30)). Suppose -3*n - 15 = 2*z + z, -5*z + n - 31 = 0. Let m = z - h. List the prime factors of m.
2, 3, 5
Let f = 63 + -39. Let b = f + 185. Suppose -2*w + 5*w = -4*s + b, -w = -4*s + 197. What are the prime factors of s?
2, 5
Let b(s) = s**3 - 12*s**2 - s + 7. Let h be b(12). Let x be h/((-25)/(-4))*-5. Suppose 48 = x*k - 3*k. What are the prime factors of k?
2, 3
Let i = -2636 + 4867. What are the prime factors of i?
23, 97
Let q be ((-74)/3)/(2/6). Suppose -62*p - 21*p + 8881 = 0. Let y = q + p. List the prime factors of y.
3, 11
Let p(s) = 33*s**2 + 8*s + 8. Let y(j) = -32*j**2 - 7*j - 7. Let i(x) = -6*p(x) - 7*y(x). List the prime factors of i(-1).
2, 13
Let k be (-4)/(-12) - 11/(-3). Suppose 108 = -k*w + 4*i - 2*i, -5*i = 2*w + 54. Let l = -21 - w. What are the prime factors of l?
2, 3
Let h = 38 - 27. Suppose h*p - 75 = 8*p. List the prime factors of p.
5
Let g(b) = 2*b**2 + 12*b + 6. Let u be g(-5). List the prime factors of u/((-980)/485 - (-2 - 0)).
2, 97
Suppose 5*q - 1 = 3*k, 0 = -4*k - 0*k - 3*q + 18. Suppose -k*a - 27 - 177 = -4*r, 0 = -3*r + 3*a + 150. Let v = -27 + r. What are the prime factors of v?
3
Let m(g) = g**2 + 6*g + 4. Let f(n) = 11*n + 3. Let s(c) = -2*f(c) + 3*m(c). Let k(a) = -a**2 - 5*a - 3. Let x be k(-2). List the prime factors of s(x).
3, 7
Let p(h) = -h**2 - 6*h + 3. Let i be p(-6). Suppose -9 = -i*q + 6, a - 4*q - 23 = 0. Suppose -5*j + a + 87 = 0. What are the prime factors of j?
2, 13
Suppose -2*y + 2278 = 2*o, 4*y + 8*o = 7*o + 4559. List the prime factors of y.
2, 3, 5, 19
Let u be (-39)/(-13)*(-10)/(-6). Suppose -3*b + 2 + 4 = 0, -u*b = -k + 7. Let h = k - 2. List the prime factors of h.
3, 5
Suppose 0 = -4*p + 3*s + 169, -4*p + 2 + 162 = -4*s. Let h = 43 + p. List the prime factors of h.
89
Suppose 254 = -5*a + 3109. List the prime factors of a.
571
Let v(l) = 4*l - 25. Let i be v(6). Let r(o) = 108*o**2 - o - 1. What are the prime factors of r(i)?
2, 3
Let y(r) = r**3 + 43*r**2 + 99*r + 144. List the prime factors of y(-38).
2, 1801
Let t be 18/(-63) + (-23)/(-7). Suppose 0 = -t*v - 0 + 3. Suppose -v = 4*l - 21. What are the prime factors of l?
5
Suppose 14*o + 4 = 16*o. Suppose 2*y = 4 + 2, -o*y - 192 = -3*m. What are the prime factors of m?
2, 3, 11
Suppose -3*d = 12*d - 840. List the prime factors of d.
2, 7
Let k = 35 - -490. What are the prime factors of k?
3, 5, 7
Let g(y) = -2*y**2 + 3*y + 32. Let d = -2 - -7. Let m(r) = r**2 - 2*r - 16. Let a(h) = d*m(h) + 3*g(h). List the prime factors of a(0).
2
Let g(v) = -v**2 + 2*v + 1. Let t be g(-7). Let w = t - -209. What are the prime factors of w?
3, 7
Let q = 132 + -76. Suppose 0*w + w = 5*o + q, o = 2. What are the prime factors of w?
2, 3, 11
Let q(k) = -5*k + 0*k + k**2 + 6*k - 2*k - k**3 + 6. Let c be q(0). List the prime factors of c/(-15)*(0 + -120).
2, 3
Suppose 2*v - 3*v + 281 = 5*i, 0 = -5*i - 2*v + 282. What are the prime factors of i?
2, 7
Let b(d) be the second derivative of 3*d**3 + 10*d**2 + 36*d. What are the prime factors of b(14)?
2, 17
Suppose 0 = r - 0*r - 3*l + 12, 0 = 2*r - 4*l + 16. Suppose 2*q + 3*q - 10 = r. List the prime factors of 22 + (3 - 3) - q.
2, 5
Suppose -3*l - 5*m + 499 = -380, 0 = -l - 5*m + 293. Suppose l + 94 = 4*a + y, 4*y = 3*a - 276. What are the prime factors of a?
2, 3
Let j be 0/(2/4*-4). Suppose j = -3*u - 27 + 231. List the prime factors of u.
2, 17
Let m = -4217 + 6622. What are the prime factors of m?
5, 13, 37
Let r = 15 + -11. Suppose 0 = r*p + 2*q - 334, -4*p - q = -6*q - 341. What are the prime factors of p?
2, 3, 7
Let l(q) = -q**2 + 11*q - 9. Let m(r) = r - 1. Let h(s) = -3*l(s) + 21*m(s). List the prime factors of h(5).
3, 7
Let r = 25 + -4. Suppose 16 = -5*y + r. Suppose -2*b + 17 = t, t = b + 4 + y. List the prime factors of t.
3
Suppose 4*g + 3*r - 1550 - 2991 = 0, 4*g = 4*r + 4548. What are the prime factors of g?
2, 71
Let b(h) = -h**2 - 37*h + 8. What are the prime factors of b(-24)?
2, 5
Let b be 26/8 - 3/12. Suppose -4*l + 125 = b*h + 4, -49 = -h + 3*l. List the prime factors of h.
43
Suppose 4*z - 29 = -3*q, 6*q - 27 = -4*z + q. Suppose c + z = 57. List the prime factors of c.
7
Let p(u) = 107*u - 332. What are the prime factors of p(12)?
2, 7, 17
Let j(v) = 27*v + 10. Let x be j(5). Let s = 264 - x. What are the prime factors of s?
7, 17
Let o(j) = -5*j + 7. Let k be o(7). Let d = k + 11. Let q = -8 - d. What are the prime factors of q?
3
Let i(d) = d**3 - 12*d**2 + 18*d - 2. Let l be i(12). Let r = -59 + l. Let u = r + -87. What are the prime factors of u?
2, 17
Let p be 12/(-42) + 7335/21. Suppose 3*j - p - 446 = 0. What are the prime factors of j?
5, 53
Let l(h) = 22*h**2 - 3*h + 7. List the prime factors of l(-3).
2, 107
Suppose 5*m - 4*z = -10 - 62, -3*m - 4*z = 56. Let j = 42 + 30. Let t = j + m. List the prime factors of t.
2, 7
Let z = -2333 + 5446. List the prime factors of z.
11, 283
Let o(p) = -766*p - 530. List the prime factors of o(-7).
2, 151
What are the prime factors of 12513/30 - (-8)/(-80)?
3, 139
Let g = 13 - 10. Suppose g*w = -4 + 16. Suppose 0 = w*a + 8 - 92. List the prime factors of a.
3, 7
What are the prime factors of ((-6020)/(-112))/((-2)/(-48))?
2, 3, 5, 43
Let a be 16/4 - (-3 - (4 + -9)). Suppose 2*u - 367 = -4*r - r, a*u = 5*r + 397. List the prime factors of u.
191
Suppose 0 = x + 2*x - 1461. List the prime factors of x.
487
Let g be -1*(223 - (-3)/(0 - 1)). Let j = g + 403. List the prime factors of j.
3, 61
Suppose -5*b = -2*b + 162. Suppose -30*c - 162 = -48*c. What are the prime factors of 295/c - 12/b?
3, 11
Let r(m) be the third derivative of m**5/30 - 7*m**4/24 - 11*m**3/6 + m**2. Let d be (-7 - -4)/(-1) + 5. What are the prime factors of r(d)?
61
List the prime factors of ((-4408)/(-32))/(2/(16/2)).
19, 29
Let s be 27/(-12)*(11/3 - 1). List the prime factors of 5/(15/s) - (5 + -13).
2, 3
Let y(d) = -20*d + d**2 + 13*d - 2*d**2 - 3. Let v be y(-6). Let s = v - -19. What are the prime factors of s?
2, 11
Suppose -5*m + 0*m = 0. Suppose m = 3*q - 961 + 379. Let x = q - 129. List the prime factors of x.
5, 13
Let i be 3 + -7 + 1 - -3. Suppose i = -5*g + g + 16. Suppose 0*t - g = -t, 4*m + 4*t = 72. List the prime factors of m.
2, 7
Suppose 377*b - 18997 = 366*b. What are the prime factors of b?
11, 157
Let b = 98 - 58. Let y be b - 2*(-3 - -1). What are the prime factors of -3*y*(-2)/6?
2, 11
Let y = -1877 - -4510. List the prime factors of y.
2633
Let p(u) be the third derivative of u**5/30 - u**4/6 + 2*u**3/3 + 9*u**2. Let o be p(12). Suppose -8*i + 4*i = -o. What are the prime factors of i?
61
Let q = 712 + -174. List the prime factors of q.
2, 269
Let c(l) = -l**2 + 6*l + 864. What are the prime factors of c(0)?
2, 3
Let k(s) = 4*s**3 - 13*s**2 + 5*s - 10. Let g(x) = -x**3 + x**2 - x. Let o(a) = 5*g(a) + k(a). Let d be o(-8). Let r = d + 13. What are the prime factors of r?
3
Let g = 5 - -7. Let k = g - 10. Suppose -2*m - 6 = -5*m - 4*x, 2*m - 4 = -k*x. List the prime factors of m.
2
Suppose 3*u + j - 7 = -28, -2*j - 28 = 4*u. What are the prime factors of (-1)/(u + 9) + (-270)/(-4)?
67
Suppose -2*v + 5*f = 97, 2*f + 88 = -3*v - 2*f. Let w = v + 36. Suppose 2*j + 2*u - 8 - 2 = w, -u = -1. List the prime factors of j.
2
What are the prime factors of ((-12)/(-2))/(69/4922)?
2, 107
Let a = -550 + 898. List the prime factors of a.
2, 3, 29
Let b(y) = 5*y**3 - 18*y**2 - 5*y +